- 127 = -520*u + 518*u, 4*u - 278 = 2*d. Let n be (-69)/(-4) + 2/(-8). What is the highest common divisor of n and u?
17
Let t(x) = 2*x**3 - 76*x**2 + 428*x + 12. Let w be t(32). What is the highest common factor of 497 and w?
71
Let m be -6 - (-7 - 10)*(2 - 1). Suppose m*q - 7730 = -1559. Calculate the highest common divisor of q and 51.
51
Suppose -8*o - 1507 = 413. Let j be ((-1980)/o)/(6/32). Let u be (-6)/(-1 - 10/(-11)). Calculate the highest common divisor of j and u.
22
Suppose 3*f = -5*d + 310, 1109*d - 1107*d - 418 = -4*f. Let k(i) = i + 30. Let m be k(0). Calculate the highest common divisor of f and m.
15
Suppose -4*r = -3*g - 1125, -24*g + 28*g + 291 = r. Let c be (-8)/(-6)*(-93)/(-2). Calculate the highest common divisor of r and c.
31
Suppose 0 = -2*j - 18, 3*j + 80707 = 4*q - 35992. What is the highest common factor of q and 16?
16
Let a be (-188)/32 - 4/32. Let z be 104/28 + a/(-21). Let u be (8/(-12))/(-2)*24. What is the greatest common divisor of z and u?
4
Suppose 11*w - 5*w = 816. Let l be 10/15 - (w/3)/(-4). Let x(i) = 2*i + 2. Let d be x(8). What is the greatest common divisor of d and l?
6
Suppose 41*g - 46*g = -65. Suppose g*d - 400 = 3*d. Suppose 36*h + 384 = d*h. What is the highest common divisor of 64 and h?
32
Let t(q) = q**2 + 19*q + 21. Let g(z) = -2*z - 4. Let n be g(7). Let f be t(n). Let s = 18 - f. What is the highest common divisor of s and 15?
15
Let s be 260/25 - 2/5. Let n = 11391 - 11101. Calculate the highest common divisor of n and s.
10
Let u(q) = -2*q**2 - 178*q - 645. Let s be u(-80). Calculate the greatest common divisor of s and 20.
5
Suppose 354*o - 4099 - 5459 = 0. Suppose n - 108 = -3*n. Calculate the greatest common factor of o and n.
27
Let r be 52/(-2366)*-26 - (458/7)/(-1). Calculate the highest common factor of r and 781.
11
Let p(s) = -11*s - 11*s - 15 + 18 - 22. Let j be p(-3). What is the highest common divisor of j and 141?
47
Let o be 42*(2/(-3))/(1/1). Let w(a) = -a**2 - 42*a - 106. Let s be w(o). Calculate the highest common divisor of 22 and s.
22
Let k(q) = -3*q**3 + 21*q**2 - 9. Let r be k(6). What is the greatest common factor of 33 and r?
33
Suppose 9*t + 612 - 1026 = 0. Calculate the highest common divisor of 667 and t.
23
Let g be (8/20)/((6/30)/(-1)) + 3208. What is the highest common factor of g and 14?
14
Suppose -c - 3*d + 1854 = 0, 5*c - 5*d - 4458 - 4692 = 0. Calculate the greatest common divisor of c and 204.
204
Let u = 3702 - 2580. What is the highest common divisor of u and 264?
66
Suppose 60*u - 15*u = -450. Let m(j) = -56*j - 74. Let x be m(u). Calculate the greatest common factor of x and 6.
6
Suppose -3*b + 340 = -275. Let x be (-4)/(-58) + 401544/4901. What is the highest common factor of x and b?
41
Suppose -69 = -5*l + 5*d + 541, -4*d = -3*l + 369. What is the highest common divisor of 175 and l?
7
Suppose 4*g - t - 39 = 4*t, 2*t = -g + 26. Suppose 27*a - g = 23*a. Suppose -k - 5 = 0, a*o + 5*k - 3 = -0. Calculate the highest common divisor of o and 7.
7
Let i = -5144 - -5204. What is the greatest common divisor of 36 and i?
12
Suppose 2*s = 103 - 9. Suppose s*r + 56 - 761 = 0. Calculate the greatest common divisor of r and 765.
15
Let m be (-110)/(-770) + (-222)/(-14). Calculate the greatest common divisor of m and 8608.
16
Suppose -369*l = -438*l + 118404. Calculate the greatest common factor of l and 702.
78
Let r = -2039 - -2046. Calculate the greatest common divisor of 2366 and r.
7
Let m = -454 + 449. Let b(r) be the first derivative of r**3/3 + 5*r**2/2 + 10*r - 1. Let x be b(m). What is the greatest common factor of x and 80?
10
Let b(z) = z**3 + 29*z**2 - 98*z + 395. Let q be b(-29). What is the highest common factor of q and 2241?
249
Let x(l) = -l**3 + 11*l**2 - 10*l - 3. Let h(t) = -2. Let m(p) = 6*h(p) + x(p). Let i be m(9). What is the greatest common factor of i and 38?
19
Suppose b - 11 = -2*g + 2, -10 = -2*g - 4*b. Suppose z = 3*q - 170, 0 = -2*q - g*z + 10*z + 118. Calculate the greatest common factor of q and 21.
7
Let v(d) = 12*d**3 + d**2 - 10*d + 10. Suppose -10 = 2*s - 14. Let x be v(s). What is the greatest common divisor of x and 30?
30
Suppose -12 = -4*z, 3*w + 0*z = -4*z + 120. Suppose 9486 = 2605*m - 2588*m. Calculate the highest common factor of w and m.
18
Suppose 45*x - 4*t = 46*x - 48, 4*x + t - 297 = 0. What is the highest common divisor of x and 1425?
19
Suppose -3*f + 4*a = -1 - 37, 0 = 4*f - a - 55. Let z be ((-5)/25 + f/20)*8. Suppose 7*s - 12 = 4*s. Calculate the greatest common factor of z and s.
4
Let q be (70/(-30))/(2/(-6)). Let n be (52/(-14) + 4)*q. Suppose n*t - 11 = -3. What is the highest common factor of 4 and t?
4
Let q(o) = o**2 - 25*o + 165. Let m be q(16). Suppose 3*d - 60 - m = 0. Calculate the highest common divisor of d and 297.
27
Let p(w) = 4*w + 275. Let t be p(-49). Let y = 6 - 3. Suppose y*j - t = -19. Calculate the highest common divisor of 100 and j.
20
Suppose 60 = -18*b + 30*b. Suppose 0 = -3*x - 8 + b. Let z be (x + 13/(-2))*4/(-2). What is the highest common factor of 195 and z?
15
Let v be (3002/(-6))/(2/(-2 - 10 - -6)). What is the highest common divisor of 228 and v?
19
Let i = -1987 - -2925. Calculate the greatest common divisor of 28 and i.
14
Let y(g) = g**3 + 4*g**2 - 2*g - 4. Let t be y(-4). Suppose -3*m - 3*i = -531, 104*i + 523 = 3*m + 99*i. Calculate the greatest common divisor of m and t.
4
Let j = -1299 - -1469. Suppose -g = -6*g + 15. Suppose 5*d + 3*r + j = 455, 4*d = g*r + 228. Calculate the highest common factor of d and 19.
19
Let t = -208 + 217. Suppose t*y - 4*y + 735 = 5*v, 3*y = 5*v - 729. Calculate the greatest common divisor of 9 and v.
9
Suppose -4*s = f - 44, 5*f - 289 = -7*s + 10*s. Suppose -4*r - 3*l + 277 = 0, r - 6*l - 69 = -7*l. Calculate the highest common factor of r and f.
14
Let x be (552/72 - 13)/(91389/30465 + -3). What is the highest common divisor of 40 and x?
40
Let r(d) = -d**2 + d + 30. Let q be r(0). Suppose -6*j + 1612 = 7*j. Let s = j - 118. What is the greatest common factor of q and s?
6
Suppose 12*d - 2 = 11*d. Suppose -5*t - d*u + 44 = 0, -3*t + u + 20 = -13. Calculate the greatest common factor of t and 80.
10
Suppose o + 266 = 3*o. Suppose 5 = 5*n, n - 38 = -5*v + o. Suppose 389*s = 379*s + 850. Calculate the highest common factor of v and s.
17
Let m = -36 - -42. Let w be (((-14)/m)/(-1))/((-27)/(-81)). Suppose 0 = -4*s + 26 + 58. What is the greatest common factor of w and s?
7
Let y = -2768 - -4230. What is the highest common divisor of y and 43?
43
Suppose -3*f + 149 = -1. Suppose -5*t = -u - 154, -2*t - 53 - 73 = u. Let o = u - -144. What is the greatest common factor of f and o?
10
Suppose 10*n - 12921 = 5979. What is the greatest common factor of n and 7?
7
Suppose -2*y - 7 = -5*w, 4*y = 2 - 6. Let h be -1*612/18*(-2)/4. What is the highest common factor of w and h?
1
Let j = 33 - 11. Let h(g) = 4*g + 42. Suppose 3*u = 7 - 37. Let d be h(u). What is the highest common divisor of d and j?
2
Let u be 15 + (-2)/((-2)/1). Suppose 0 = -4*v - 4*j + 49 + 123, 116 = 2*v - 4*j. Suppose 85*i + v = 91*i. Calculate the greatest common divisor of u and i.
8
Let i = 21444 + -17637. What is the highest common factor of 1974 and i?
141
Let y(m) = m**2 - 9*m + 28. Let b be -6*-1*24/16. Let g be y(b). Calculate the greatest common divisor of g and 70.
14
Suppose 213*c = 205*c + 13053 + 13995. What is the greatest common factor of 294 and c?
147
Let p(n) = 8*n + 4. Let x be p(3). Suppose -3*s = -2*m + x, -2*m - 8 + 48 = -5*s. Let c be (-50)/s - (-14)/21. What is the highest common factor of c and 72?
9
Let y = 164 + -262. Let x be 6/14 + (-1134)/y. What is the highest common factor of x and 4?
4
Let x be (-2)/(-3) + (-125)/(-15). Suppose -369 = x*z - 0*z. Let w = z + 95. Calculate the greatest common divisor of 72 and w.
18
Let j = -2375 - -2810. What is the greatest common divisor of 609 and j?
87
Let q(v) = 4*v - 5. Let a be q(2). Suppose -2*m - 31 = -5*h + m, 2*h = a*m + 16. Suppose h = j - 10. Calculate the highest common factor of j and 10.
5
Suppose -120319 = -81*b + 167231. Calculate the greatest common divisor of 125 and b.
25
Let v(w) = -487*w**3 + 6*w**2 + 15*w + 30. Let i be v(-2). Calculate the greatest common divisor of 14 and i.
14
Let